r**2 + 2. Let w be a(3). Let n = -1 + w. Suppose g = -3*t + 4, -g + t + 11 + n = 0. Calculate the highest common divisor of 30 and g.
10
Suppose -3*g + 33 = -0*g. Suppose 5*s = y - 8, 3*y - s - 64 = -2*y. Let f = 24 - y. Calculate the highest common divisor of g and f.
11
Let y = 74 - -40. Calculate the greatest common divisor of 76 and y.
38
Let c(d) = d**3. Let b be c(-1). Let z(g) = 3*g**2 - g - 1. Let f be z(b). Suppose n - 160 = -f*n. What is the greatest common factor of 8 and n?
8
Suppose -1 = -2*k + 17. Let m(x) = x**3 - 9*x**2 + 3*x + 3. Let o be m(k). Calculate the greatest common factor of o and 15.
15
Suppose -2*c + 9 + 5 = 0. Let g(s) = -1 + 2*s - 3*s + 0 + c. Let v be g(-7). What is the highest common factor of 65 and v?
13
Let v = 0 - -4. Let p(o) = o + 1. Let s(g) = 2*g - 7. Let y(t) = 3*p(t) + s(t). Let h be y(v). Calculate the highest common factor of h and 24.
8
Let c(j) = -j**3 + 11*j**2 + 11*j + 18. Let a be c(12). What is the greatest common divisor of a and 102?
6
Let w be (9 - 11)*15/(-2). Suppose -7 = -2*l - 1. Calculate the highest common divisor of l and w.
3
Suppose -3 - 17 = -5*p. Let w = -24 + 42. Suppose -3*s + 4*u + 92 = 0, -5*s = -3*u + w - 153. What is the greatest common divisor of p and s?
4
Let s(q) = -q**3 - 6*q**2 - 6*q - 6. Let v be s(-5). Let d be 2 - (v - (14 + -1)). Let y be (-25 + 1)*(-70)/15. Calculate the highest common divisor of d and y.
16
Suppose -9 = -x + 8. Calculate the highest common factor of 17 and x.
17
Let r = 8 - 4. Calculate the greatest common factor of r and 8.
4
Suppose 6*t - 20 = 4*t. Suppose -2*q + 22 + 183 = -x, -q = -3*x - 115. Calculate the greatest common factor of q and t.
10
Let f = 38 + 53. Let b(l) = l**3 + 3*l**2 - 5*l - 5. Let k be b(-4). Let a = k + 14. What is the highest common divisor of f and a?
13
Let h = 4 - 3. Let f = h + 14. What is the greatest common factor of 60 and f?
15
Let c(g) = -g + 2. Let h be c(0). Let j be 1*16*(-55)/20. Let w be 3/(-2)*j/3. Calculate the greatest common factor of w and h.
2
Let x = 21 + -27. Let c(s) = 2 - 4 - 4 - 6*s. Let r be c(x). What is the greatest common divisor of 12 and r?
6
Suppose j + 29 = 99. Suppose 60 = n - j. Calculate the highest common divisor of n and 52.
26
Suppose 0*u + 4*u - 4 = -2*b, -2*u = 4*b - 14. Let t be 29/b - (-5)/(-20). What is the highest common factor of t and 63?
7
Suppose -3*o + 3*d = -4*o - 6, -2*o + 5*d = -21. Suppose o = 2*z - 15. Let u(w) = 2*w - 9. Let k be u(z). Calculate the greatest common factor of k and 72.
9
Let c(m) = m**3 + 4*m**2 - 15*m - 4. Let d be c(-6). Let u(s) = s**2 - 13*s - 8. Let r be u(d). Calculate the greatest common divisor of 3 and r.
3
Let p be (2 - 1)*2*1. Suppose 0 = -p*c - 3*c - 45. Let n(q) = -q**2 - 10*q + 7. Let y be n(c). Calculate the highest common factor of 16 and y.
16
Suppose 98 = 2*k - 5*h - 84, k + 4*h = 91. Suppose 0 = f + 3*f - 52. Calculate the highest common factor of k and f.
13
Let x = 102 - 36. Let u be (10/20)/((-1)/(-12)). What is the greatest common divisor of x and u?
6
Suppose -5*u + 130 = -0*r + 5*r, -160 = -5*r + u. What is the highest common divisor of 155 and r?
31
Let c be (-3 - 2)*(-24)/5. Suppose -j - j = -c. Let m be 2154/j - (-2)/4. What is the highest common factor of m and 20?
20
Suppose 8*s - 161 = 175. Calculate the highest common divisor of 14 and s.
14
Let u be (-1306)/(-10) - -1 - (-24)/60. Calculate the greatest common divisor of 22 and u.
22
Suppose -3*o + 8*o = 3*y + 24, 4*o - 18 = 2*y. Suppose 2*n - n + o = 4*g, 4*n - 2*g = 30. Calculate the greatest common factor of 27 and n.
9
Suppose 5*t = -h + 22, -3*t - h + 2*h + 10 = 0. What is the highest common divisor of 10 and t?
2
Let j = 110 + 16. Calculate the greatest common factor of 14 and j.
14
Let h be (-5)/((-30)/4)*-24. Let r(k) = 2*k**2 - k + 2. Let m be r(-3). Let i = h + m. Calculate the greatest common factor of 77 and i.
7
Suppose -4*t + 30 = -2*w, 3*t + 4*w = w. What is the highest common divisor of 15 and t?
5
Let s = 70 - 54. Calculate the greatest common factor of s and 64.
16
Let r(b) = b**3 + 14*b**2 + 15*b + 12. Let x be r(-12). Suppose -j - 5*h = -22 + 7, -4*j + 5*h = -60. What is the greatest common divisor of x and j?
15
Let u(c) = -4*c + 6. Let l be u(-9). What is the greatest common factor of 6 and l?
6
Let w = 9 - 15. Let s be (-4)/w + (-2140)/(-30). Calculate the highest common divisor of 8 and s.
8
Suppose -o + 18 = 2*k - 83, 71 = 2*k - 5*o. What is the highest common divisor of 32 and k?
16
Suppose -6 = -2*o - 4. Let y be 2*(2 - 0/o). Let t be 45/6 + 2/y. Calculate the highest common factor of 8 and t.
8
Let t be (35/(-28))/(1/(-84)). Suppose 5*g = 2*n - t, 5*n = -4*g + 245 + 34. Calculate the greatest common divisor of 5 and n.
5
Let z(r) = 2*r - 5. Let p be z(9). Calculate the greatest common divisor of p and 104.
13
Let f be -7*15/35*-54. Calculate the highest common divisor of f and 18.
18
Let h(a) = a**3 - 3*a**2 - a - 6. Let i be h(6). Calculate the highest common divisor of 6 and i.
6
Suppose -11*n + 15*n = 0. Suppose -a + 6*a - 4*z - 132 = n, -a + z = -27. Calculate the highest common factor of a and 24.
24
Suppose 0 = 3*b - 4*b + 6. Suppose -3*s = -s - 132. What is the greatest common factor of b and s?
6
Let u = -26 - -47. Suppose 4*d + 46 = 2*r, -3*d + u = 2*r + 3. Calculate the greatest common divisor of 150 and r.
15
Suppose 5 + 1 = 3*u. Suppose u*w = -0*w + 216. Calculate the highest common factor of 12 and w.
12
Let y = -11 + 26. Suppose h = 18 + 42. Calculate the highest common divisor of y and h.
15
Suppose 3*l - 105 = -27. Suppose 3*v - 56 = -17. Calculate the greatest common factor of v and l.
13
Suppose 4*v + 7*f - 16 = 3*f, 0 = 5*f + 10. What is the highest common divisor of 30 and v?
6
Suppose -s + 3*o = 0, 3*o = 4*s - 0*o - 27. Suppose 2*r = 8 + 2. Suppose r*f + 209 = 3*l, -5*l + 361 = 4*f + 62. Calculate the highest common factor of l and s.
9
Let k(t) = 2*t - 6. Let y be k(4). Let f(q) = -4*q + 4*q**2 + 4*q**2 - q**y + 4 - q**3. Let r be f(4). Calculate the highest common factor of r and 24.
12
Suppose -3*y - y + 4 = -5*g, -2*y = 2*g - 2. Let u be (-1 - 1) + (5 - y). Let m(q) = -3*q - 2. Let o be m(-4). Calculate the greatest common divisor of u and o.
2
Suppose -3*n + n - 9 = o, -2*o = 3*n + 12. Let p be (-4)/12 - 50/n. What is the highest common factor of 8 and p?
8
Suppose -5 = 4*g - 9. Suppose -2*o = m - 0*m + g, -m + 3*o = 21. Let s be (-100)/(-6) + 6/m. What is the highest common factor of s and 176?
16
Let c be (-2)/4 - 31/(-2). Let z = 74 - 38. Let x = z - c. What is the highest common factor of x and 3?
3
Suppose 4*m + 0*m = 28. Suppose -5*l - m = -247. What is the greatest common factor of l and 24?
24
Let c(q) = -2*q + 20. Let u be c(9). Suppose u*j + 3*w = 74, -196 = -2*j - 3*j - 2*w. Let f be (-60)/(-9)*12/5. Calculate the highest common divisor of j and f.
8
Suppose -z + 5 = -0, 3*z + 1 = -2*p. Let x be (p - 1)*(-3 - -6). Let a = x + 39. Calculate the highest common factor of a and 48.
12
Suppose -98 = -5*k + 4*k. What is the highest common divisor of k and 14?
14
Suppose 102 = -2*b + 342. What is the greatest common factor of b and 80?
40
Suppose 5*h = h + 12. Suppose 114 - 15 = h*d. What is the greatest common divisor of d and 22?
11
Suppose 4*c = 4*h - 28, -4*c + 5 = -h + 18. Suppose -4*s = 3*u - 419, -5*u - 161 = h*s - 686. Calculate the greatest common factor of 13 and s.
13
Suppose -2*q + 20 = 3*q, 5*q = 4*u + 12. Let f(c) = c**3 - c**2 - 2*c + 2. Let l be f(2). Calculate the greatest common factor of l and u.
2
Suppose 2*f - 3*v = 187, 474 = -0*f + 5*f - v. Let i(k) = 142*k + 1. Let a be i(1). Suppose 0 = -5*w + a + 47. What is the highest common factor of w and f?
19
Let o = 55 + -45. What is the highest common divisor of 20 and o?
10
Suppose c = -2*y + 3*y + 54, -3*c = 3*y - 174. What is the greatest common divisor of c and 84?
28
Let n(l) = 3*l - 1. Let s be 22/18 + (-2)/9. Let i be n(s). Let q(c) = c + 1. Let r be q(i). What is the highest common factor of 3 and r?
3
Let d(v) = -v**2 + v + 2. Let u be d(2). Suppose -g + u*g + 112 = 0. Calculate the greatest common factor of g and 14.
14
Let g be 0*((-2)/(-1))/4. Suppose -3*k = 5*l + 20, 2*l = -g*l + 5*k + 23. Let f be (-58*1)/l - 2. Calculate the g